n l is divided by (-34)/5*((-3)/(-2) - 4)?
14
Let l(j) be the first derivative of j**3/3 + j**2/2 - 4*j - 1. Let s(v) = -v**3 + v**2 + v + 2. Calculate the remainder when l(-3) is divided by s(0).
0
Let p(k) = -5*k - 8. Calculate the remainder when p(-9) is divided by 13.
11
Let u be 0 + (3 - 0) + 0. Suppose u*w - 18 = 2*n, 4*n + 2 + 34 = 2*w. Let m(l) = -l**2 - 12*l - 3. What is the remainder when m(n) is divided by 13?
11
Let q = -15 + 26. Let x be (-9)/6*16/(-6). Let g = 35 - x. What is the remainder when g is divided by q?
9
Let c(b) = -b**2 + 8*b - 1. Suppose s + 4*s = -5*q + 5, -q + s = -11. What is the remainder when 43 is divided by c(q)?
10
What is the remainder when 23 is divided by (5/((-25)/(-80)))/2?
7
Let n = 21 - 12. Let x be 28*(15/(-6) + 3). Let s = x - -1. What is the remainder when s is divided by n?
6
Let n = -5 + 38. What is the remainder when n is divided by 2 - (58/(-4) - 11/22)?
16
Let s = -37 + 55. Suppose -4*b + 1 = w - 23, -3*w + 5*b - 13 = 0. Suppose w*l + 0*l = 5*d - 178, 5*l + 10 = 0. What is the remainder when d is divided by s?
16
Suppose 2*j - 5*j = -21. Suppose 0 = w - 3*b - 3, -19 = -4*w + 5*b. Calculate the remainder when ((-20)/w)/(15/(-90)) is divided by j.
6
Let x be -2 - (19*18)/(-3). Suppose 105 = 5*j - 2*j - 4*t, 4*j + 4*t = x. Let p(d) = -11*d**3 + d + 1. Calculate the remainder when j is divided by p(-1).
9
Let m(v) = v**2 - 20. Calculate the remainder when 93 is divided by m(-6).
13
Let u = 0 + 29. Let s be 36/1*1/(-2). Let b = u + s. What is the remainder when 21 is divided by b?
10
Suppose -4*y + 35 + 162 = -3*c, 3*y + 2*c - 152 = 0. Calculate the remainder when y is divided by 13.
11
Suppose 0 = q - 2, -5*t + 54 = 5*q - 171. Let w = -2 - -31. Let f = w + -14. Calculate the remainder when t is divided by f.
13
Suppose -8 - 5 = -3*b + 4*q, 5 = 3*b + 4*q. Suppose 1 = 5*v - 2*z - 386, -b*v + 235 = -4*z. Calculate the remainder when v is divided by 20.
17
Let l be ((-3)/5)/((-2)/10). Suppose -c - 3*k + 38 = 0, -39 = -l*c + 2*k + 64. Let h(t) = -13*t - 1. Calculate the remainder when c is divided by h(-1).
11
Let c(n) = 5*n**2 + 5*n + 5. What is the remainder when c(-4) is divided by 1*(-15)/5*-11?
32
Let d = 9 + 14. What is the remainder when 88 is divided by d?
19
Let t = 1 + 11. Calculate the remainder when 58 is divided by t.
10
Suppose -4*g - 40 = 5*p + 5, -5 = -2*p + 3*g. Calculate the remainder when 3 is divided by 2/p + 7/5.
0
Let t(k) = k**3 - 8*k**2 - 6*k - 11. Calculate the remainder when 40 is divided by t(9).
8
Let f(s) = 2*s - 5. Let c be f(4). Suppose -c*g - 2 = -4*g. Suppose 0*w + 70 = 4*r - g*w, -32 = -2*r + 4*w. Calculate the remainder when 52 is divided by r.
16
Let g(r) = r**3 - 5*r**2 + 5*r - 6. Let i be g(4). Suppose 0 = -q - 7 + 20. What is the remainder when i/((-46)/(-24) + -2) is divided by q?
11
Let p be 109 + 2 - (0 - 0). Suppose p - 41 = 5*x. Calculate the remainder when x is divided by 4.
2
Suppose -5*f + 5*c = -90, -2*c - 13 = -3. What is the remainder when 24 is divided by f?
11
Let n(r) = r**2 - 11*r + 13. Let d be n(9). Let u = 5 + d. Suppose -13 = -p - u*p. What is the remainder when 24 is divided by p?
11
Let f(u) = -u**3 + 4*u**2 + 40*u + 9. Calculate the remainder when f(8) is divided by 2/8 + 75/4.
16
Let h be (-16)/20*1*-5. Calculate the remainder when (-1 - h)/(1/(-3)) is divided by 8.
7
What is the remainder when 83 is divided by (-615)/(-30) - (-1)/2?
20
Calculate the remainder when 55 is divided by 205/15 + 1/3.
13
Let a(f) be the first derivative of f**4/4 + 7*f**3/3 + 5*f**2/2 - 6*f + 2. Let i be a(-6). Calculate the remainder when 37 is divided by i + 0 - -20*1.
17
Let d = 19 - 15. Suppose -3 - 13 = -d*u. What is the remainder when 14 is divided by u?
2
Let q be ((-9)/6 - 0)*-2. Suppose -u + m + 8 = -m, 3*u + 4*m = -26. Let b = u + q. Calculate the remainder when 2 is divided by b.
0
Let b(s) = -3*s**2 - 1. Let t(r) = 4*r**2 + 1. Let i(z) = -3*b(z) - 2*t(z). Let y = -3 - -1. What is the remainder when i(y) is divided by 3?
2
Let s(u) be the second derivative of -u**4/3 - 2*u**3/3 + u**2 + 2*u. Let j be s(-4). Let g = j + 66. What is the remainder when 39 is divided by g?
19
Suppose 4*t - w = -4, -w - 5 = 5*t + w. What is the remainder when (-40 - (-4 + 6))/t is divided by 22?
20
Let j = 215 + -140. What is the remainder when j is divided by 6?
3
Suppose 0*j = 2*j + 8. Let k(b) = -b**3 - 5*b**2 - 5*b + 3. Calculate the remainder when 25 is divided by k(j).
4
Let b(v) be the second derivative of v**5/20 + 2*v**4/3 - 2*v**3 + v**2 - 3*v. Calculate the remainder when b(-9) is divided by 8.
5
Suppose 2*i - 6 = 2*o - 0*o, 3*o - 11 = -i. What is the remainder when 9 is divided by o?
1
Suppose 4*k = -y + 23, -3*y + 5*k + 13 = -22. Let i(a) = -5*a + 3. Let m(r) = -3*r + 19. Let d be m(8). Calculate the remainder when i(d) is divided by y.
13
Let f(a) = -a**3 - a**2. What is the remainder when 6 is divided by f(-2)?
2
Let i = 17 + -5. What is the remainder when (-4)/6*1260/(-24) is divided by i?
11
Suppose s + 7 = -2. Let t = -13 - -18. Let n = t - s. What is the remainder when n is divided by 8?
6
Calculate the remainder when (-1 + 19/(-3))/((-4)/6) is divided by 2.
1
Let a(l) = -l**3 + 8*l**2 - 8*l - 6. Let x = 17 - 7. What is the remainder when a(6) is divided by x?
8
Let c(f) = 7*f**2 + 8*f - 3. Suppose 31 = 2*b + 3*r, 2*b - r = b + 13. What is the remainder when c(2) is divided by b?
13
Suppose -4 = -0*n - 4*n. Let v(l) = l**3 + 2*l - 1. What is the remainder when 2 is divided by v(n)?
0
Let u = 7 + -7. Suppose 0 = -5*k - d + 24 + 137, u = -k - d + 33. What is the remainder when k is divided by 11?
10
Calculate the remainder when 39 is divided by (-209)/(-22) - (-1)/2.
9
Let l be ((-104)/(-39))/(4/6). Let i = l - 2. What is the remainder when 7 is divided by i?
1
Let z = -13 - -27. Suppose -3*b + 82 = -z. What is the remainder when b is divided by 17?
15
Let y = 66 - 23. Calculate the remainder when y is divided by 11.
10
Let m(n) = 18*n - 2. Let x be m(3). Suppose -3*d = 16 - x. Calculate the remainder when 21 is divided by d.
9
Let i be 1*10 - (-2 - -2). Let b be 20/(-2)*(-4)/i. Suppose -b*q + 5 + 31 = 0. Calculate the remainder when 16 is divided by q.
7
Let i = -201 - -214. What is the remainder when 4/(-10) - 234/(-10) is divided by i?
10
Let w = 7 + 2. Suppose -s + 5*f = 3*s - 53, -8 = -4*s - 4*f. Let r = 13 - s. Calculate the remainder when w is divided by r.
3
Suppose 15 = -3*b + 3, 0 = -4*c + 5*b + 80. What is the remainder when 44 is divided by c?
14
Suppose 2 + 3 = 5*y, -5*r - 5*y + 40 = 0. What is the remainder when 13 is divided by r?
6
Suppose 97*x - 102*x + 65 = 0. Calculate the remainder when 26 is divided by x.
0
Let i(l) = -l**3 - l**2 - l - 1. Let x be i(0). Let r(y) = -11*y**3 - y**2. Calculate the remainder when 17 is divided by r(x).
7
Suppose 0 = -g + 8*k - 4*k, -3*g + 10 = -2*k. Calculate the remainder when 13 is divided by g.
1
Let u(p) = -p**2 - p**2 + 2*p**3 - 1 + 3 - p. Suppose -4*v + y = -89, 0*y - 4*y = -3*v + 57. What is the remainder when v is divided by u(2)?
7
Let f be ((-2 - -2)/(-1))/2. Suppose 131 = 3*u - f*u + 5*h, 5*u - h - 237 = 0. Calculate the remainder when u is divided by 16.
15
Suppose b - 24 = 3*s, -3*s + 0 + 3 = 0. What is the remainder when 104 is divided by b?
23
Let z = 78 + -53. What is the remainder when z is divided by 9?
7
Let a be (-246)/(-4)*12/(-9). Let i = 8 - a. Calculate the remainder when i is divided by 23.
21
Let b(i) = 2*i + 2. Suppose 5*n = -4*h + 40, -h - 8 = -3. Suppose 2*v + n - 58 = 0. Calculate the remainder when v is divided by b(2).
5
Suppose 0 = -5*m + 3*l + 11 + 14, 5*m + 2*l - 25 = 0. Suppose -m*d + 20 = -d. Suppose 5*f - 9 = 2*f. What is the remainder when d is divided by f?
2
Let v = 10 - 28. Let h be 2*v*15/12. Let w = h + 82. Calculate the remainder when w is divided by 13.
11
Let j = 8 + -5. Suppose -11 = -j*a + 91. What is the remainder when a is divided by (2/(-5))/(1/(-30))?
10
Let u = 21 - -8. Suppose -2*o + 10 = -0*o. Suppose -o*t = -0*t - 50. What is the remainder when u is divided by t?
9
Let b be (1/(-3))/((-4)/(-12)). Let d be 0/(2 + b - 0). Let l = 41 - d. Calculate the remainder when l is divided by 11.
8
Let f be 4/(-10) + (-7)/(-5). Let z(b) = 20*b**3 - b**2. What 